182.
2, 3, 409, 7333
What are the prime factors of 1341961420?
2, 5, 67098071
List the prime factors of 2042448345.
3, 5, 7, 181, 11941
What are the prime factors of 293370922?
2, 13, 11283497
What are the prime factors of 122124757?
71, 79, 21773
What are the prime factors of 451647061?
451647061
List the prime factors of 265796718.
2, 3, 11, 109, 36947
List the prime factors of 6298640764.
2, 13, 121127707
List the prime factors of 166337759.
7, 23762537
List the prime factors of 1464398919.
3, 6026333
List the prime factors of 1031897024.
2, 23, 29, 1051
What are the prime factors of 137075854?
2, 68537927
List the prime factors of 1762706335.
5, 13, 2086043
What are the prime factors of 879427699?
103, 1601, 5333
What are the prime factors of 202874479?
13757, 14747
List the prime factors of 20803449.
3, 31, 467, 479
What are the prime factors of 215418262?
2, 107709131
List the prime factors of 439875982.
2, 7, 13, 43, 56207
What are the prime factors of 132528460?
2, 5, 6626423
List the prime factors of 37358614.
2, 4139, 4513
What are the prime factors of 16770095?
5, 1321, 2539
List the prime factors of 7471077537.
3, 7, 11, 1453, 22259
What are the prime factors of 1711337846?
2, 613, 1395871
List the prime factors of 2439108827.
443, 5505889
What are the prime factors of 1738092416?
2, 2069, 6563
List the prime factors of 131611374.
2, 3, 47, 155569
What are the prime factors of 2317579313?
7, 31, 79, 89
List the prime factors of 170116991.
11, 3797, 4073
What are the prime factors of 1140881032?
2, 89, 1602361
List the prime factors of 222906807.
3, 24767423
List the prime factors of 1217535178.
2, 11027, 55207
List the prime factors of 1058504111.
7, 151, 887, 1129
What are the prime factors of 806347374?
2, 3, 7, 191, 100517
List the prime factors of 167629914.
2, 3, 9312773
List the prime factors of 1188290159.
7, 181, 937877
List the prime factors of 111334506.
2, 3, 18555751
List the prime factors of 44075923.
44075923
List the prime factors of 4244718712.
2, 13, 17, 19, 7433
What are the prime factors of 653657639?
53, 61, 202183
List the prime factors of 415716910.
2, 5, 7, 67, 137, 647
List the prime factors of 53772010.
2, 5, 59, 91139
What are the prime factors of 609891684?
2, 3, 5639, 9013
What are the prime factors of 4700683?
13, 229, 1579
What are the prime factors of 66932797?
647, 103451
List the prime factors of 379337610.
2, 3, 5, 113, 149, 751
What are the prime factors of 2739423231?
3, 17, 43, 416389
List the prime factors of 7028702.
2, 67, 52453
What are the prime factors of 6228784?
2, 389299
What are the prime factors of 3833296794?
2, 3, 23, 9259171
List the prime factors of 1524786678.
2, 3, 17, 59, 84457
What are the prime factors of 821948287?
3079, 266953
List the prime factors of 276922493.
61, 163, 27851
List the prime factors of 135769967.
29, 449, 10427
List the prime factors of 119412889.
73, 383, 4271
List the prime factors of 420503573.
7, 19, 3161681
What are the prime factors of 55426684?
2, 13856671
What are the prime factors of 4276369419?
3, 7, 73, 599, 4657
What are the prime factors of 1014730804?
2, 601, 422101
List the prime factors of 179920642.
2, 11, 2473, 3307
What are the prime factors of 34263205?
5, 6852641
What are the prime factors of 2859895546?
2, 5479, 260987
List the prime factors of 400957351.
233, 1720847
List the prime factors of 5594115.
3, 5, 372941
List the prime factors of 56397934.
2, 97, 290711
List the prime factors of 1180613866.
2, 590306933
What are the prime factors of 942175450?
2, 5, 23, 179, 199
What are the prime factors of 13306778?
2, 6653389
List the prime factors of 165859104.
2, 3, 41, 42139
What are the prime factors of 51588906?
2, 3, 41, 43, 4877
List the prime factors of 389561874.
2, 3, 13, 239, 20897
What are the prime factors of 4068900669?
3, 233, 293, 19867
What are the prime factors of 7668361187?
47, 653, 249857
List the prime factors of 714744620.
2, 5, 193, 185167
List the prime factors of 287744387.
7, 31, 47, 89, 317
List the prime factors of 1538694697.
173, 8894189
List the prime factors of 132279320.
2, 5, 661, 5003
What are the prime factors of 44172288?
2, 3, 4793
List the prime factors of 179846485.
5, 7, 13, 17, 23251
List the prime factors of 295488372.
2, 3, 4519, 5449
List the prime factors of 237399832.
2, 17, 19, 91873
List the prime factors of 422744286.
2, 3, 4463, 15787
What are the prime factors of 435146282?
2, 217573141
List the prime factors of 462875433.
3, 154291811
List the prime factors of 125221271.
7, 109, 164117
List the prime factors of 321849134.
2, 17, 29, 191, 1709
What are the prime factors of 149774555?
5, 7, 53, 263, 307
List the prime factors of 2730850040.
2, 5, 911, 74941
List the prime factors of 93405035.
5, 67, 103, 2707
List the prime factors of 86253169.
86253169
List the prime factors of 5435967609.
3, 859, 703139
What are the prime factors of 120051041?
11, 251, 43481
List the prime factors of 3064904644.
2, 766226161
What are the prime factors of 1026353141?
11, 373, 250147
List the prime factors of 1534616407.
197, 7789931
List the prime factors of 632895684.
2, 3, 53, 995119
List the prime factors of 181967665.
5, 11, 37, 739
List the prime factors of 4547052117.
3, 505228013
What are the prime factors of 374534821?
19, 19712359
List the prime factors of 244619432.
2, 37, 43, 19219
List the prime factors of 1231051468.
2, 103, 2987989
List the prime factors of 1025462630.
2, 5, 102546263
What are the prime factors of 33750224?
2, 89, 137, 173
List the prime factors of 1636883989.
13, 3889, 32377
What are the prime factors of 673683300?
2, 3, 5, 41, 18257
What are the prime factors of 338945931?
3, 12553553
What are the prime factors of 1483384930?
2, 5, 1871, 79283
What are the prime factors of 338057265?
3, 5, 7, 13, 167, 1483
What are the prime factors of 346831794?
2, 3, 2140937
List the prime factors of 296208663.
3, 17, 71, 179, 457
List the prime factors of 2270507690.
2, 5, 11, 449, 45971
What are the prime factors of 1172592908?
2, 9733, 30119
What are the prime factors of 51920752?
2, 13, 23, 10853
What are the prime factors of 1006713570?
2, 3, 5, 33557119
What are the prime factors of 29527915?
5, 1091, 5413
What are the prime factors of 58808836?
2, 37, 397357
What are the prime factors of 161968037?
7, 11, 977, 2153
List the prime factors of 2646086516.
2, 17, 59, 293, 2251
List the prime factors of 34996881.
3, 29, 402263
What are the prime factors of 23718610?
2, 5, 2371861
List the prime factors of 56547846.
2, 3, 23, 137, 997
What are the prime factors of 237445239?
3, 17, 4655789
List the prime factors of 1235959557.
3, 7, 19, 83, 37321
List the prime factors of 311181479.
7, 44454497
List the prime factors of 62839666.
2, 31, 277, 3659
What are the prime factors of 4161075?
3, 5, 109, 509
What are the prime factors of 25734775?
5, 11, 93581
What are the prime factors of 415134509?
17, 4523, 5399
List the prime factors of 2172376052.
2, 7, 11, 311, 22679
List the prime factors of 184566280.
2, 5, 17, 269, 1009
What are the prime factors of 555483853?
555483853
What are the prime factors of 2117598?
2, 3, 7, 127, 397
List the prime factors of 403496153.
23, 17543311
What are the prime factors of 241908004?
2, 13, 31, 150067
List the prime factors of 17922818.
2, 8961409
What are the prime factors of 1462890245?
5, 353, 828833
What are the prime factors of 973673965?
5, 11, 157, 112759
List the prime factors of 699927325.
5, 29, 59, 16363
List the prime factors of 130494671.
37, 1877, 1879
What are the prime factors of 290903976?
2, 3, 11, 89, 4127
What are the prime factors of 25110824?
2, 3138853
What are the prime factors of 179401655?
5, 823, 43597
List the prime factors of 3956864.
2, 19, 1627
What are the prime factors of 87696818?
2, 11, 19, 209801
What are the prime factors of 6412891?
43, 293, 509
What are the prime factors of 572626287?
3, 67, 349, 907
List the prime factors of 3651738192.
2, 3, 43, 589751
List the prime factors of 406380.
2, 3, 5, 13, 521
List the prime factors of 521611877.
3607, 144611
What are the prime factors of 208983260?
2, 5, 10449163
What are the prime factors of 5372266203?
3, 17, 41, 856411
List the prime factors of 3699123092.
2, 7